?
False
Is 1392 a factor of 1808106384?
True
Is 41419291 a multiple of 1373?
True
Is 297295752 a multiple of 312?
True
Does 3 divide 10870353?
True
Is 274381406 a multiple of 41?
False
Is 20 a factor of 6382951?
False
Is 151607398 a multiple of 123?
False
Does 161 divide 1117522895?
False
Is 36 a factor of 5608645?
False
Does 14 divide 3032359?
False
Is 3 a factor of 2266140?
True
Does 12 divide 33561070?
False
Does 4 divide 9039483?
False
Is 1082773134 a multiple of 18?
True
Is 278249299 a multiple of 347?
False
Is 926 a factor of 264413744?
True
Does 321 divide 50936452?
False
Does 28 divide 3763358508?
True
Does 602 divide 72867886?
True
Is 129 a factor of 671456739?
True
Is 12726862 a multiple of 1454?
True
Is 634 a factor of 10154755?
False
Is 50 a factor of 190943052?
False
Does 229 divide 189425823?
True
Is 8 a factor of 12891664?
True
Is 173 a factor of 826892380?
False
Is 71452488 a multiple of 1436?
True
Is 555254176 a multiple of 152?
True
Is 12 a factor of 246885203?
False
Does 2199 divide 195724194?
True
Is 2667 a factor of 18778347?
True
Is 281 a factor of 82050267?
False
Is 27236857 a multiple of 3?
False
Is 51 a factor of 73852245?
False
Is 455853912 a multiple of 37?
True
Is 50 a factor of 153099050?
True
Is 115628574 a multiple of 169?
False
Is 20748004 a multiple of 241?
False
Does 207 divide 2939716887?
False
Does 36 divide 37411272?
True
Is 12345686 a multiple of 58?
False
Is 26193989 a multiple of 19?
True
Does 2 divide 19616694?
True
Is 42958454 a multiple of 406?
True
Is 92324297 a multiple of 232?
False
Is 37 a factor of 3238056639?
False
Is 23 a factor of 104567946?
False
Is 39823587 a multiple of 46?
False
Does 71 divide 3823905?
False
Is 110565620 a multiple of 10693?
True
Does 9 divide 327807396?
True
Is 2496912 a multiple of 11?
True
Does 19 divide 428791682?
False
Is 6 a factor of 11698722?
True
Does 52 divide 4652509420?
True
Is 182 a factor of 142905672?
True
Does 3 divide 195437998?
False
Is 6 a factor of 14503965?
False
Does 1918 divide 72164750?
True
Is 235 a factor of 12978345?
True
Does 685 divide 176237752?
False
Does 16 divide 160995104?
True
Does 58 divide 670608006?
True
Is 176446901 a multiple of 50?
False
Is 8135 a factor of 3650145331?
False
Is 25848500 a multiple of 25?
True
Does 277 divide 140043998?
True
Is 4046 a factor of 559842957?
False
Does 117 divide 124773471?
False
Is 65199253 a multiple of 79?
True
Is 4 a factor of 52433152?
True
Is 331788645 a multiple of 645?
True
Does 35 divide 1760507210?
True
Is 5764551 a multiple of 155?
False
Is 111449506 a multiple of 14?
True
Is 26538934 even?
True
Is 40 a factor of 80987979?
False
Is 699900141 a multiple of 7165?
False
Is 2992830736 a multiple of 49?
False
Is 104 a factor of 69621862?
False
Is 33 a factor of 587424480?
False
Is 263 a factor of 602436094?
False
Does 97 divide 22352098?
True
Does 318 divide 430941198?
True
Does 73 divide 2961682?
False
Does 18 divide 411025400?
False
Does 182 divide 10556364?
True
Is 457885547 a multiple of 1487?
False
Is 273 a factor of 942909467?
False
Does 2361 divide 58583493?
True
Does 152 divide 6232141?
False
Is 3707088 a multiple of 88?
True
Is 194167850 a multiple of 50?
True
Is 8 a factor of 6759621?
False
Is 245 a factor of 68981955?
True
Does 273 divide 327554682?
True
Does 383 divide 27580873?
False
Does 3115 divide 293579811?
False
Does 1032 divide 51275410?
False
Is 458 a factor of 22038960?
True
Is 301795 a multiple of 21?
False
Is 382 a factor of 42644952?
True
Is 32 a factor of 346854152?
False
Does 51 divide 494840848?
False
Does 5962 divide 99464350?
False
Is 377 a factor of 7641655?
False
Does 428 divide 1178665348?
True
Is 318 a factor of 45678792?
True
Is 91315022 a multiple of 104?
False
Is 2312 a factor of 37584797?
False
Is 89 a factor of 277832769?
False
Is 91257670 a multiple of 695?
True
Is 65377950 a multiple of 330?
True
Does 7612 divide 2098643624?
True
Is 287 a factor of 222776822?
False
Does 22 divide 4306485590?
True
Is 37548502 a multiple of 659?
True
Does 54 divide 94593053?
False
Is 4 a factor of 241025761?
False
Is 153721238 a multiple of 698?
True
Does 255 divide 16552223?
False
Is 51 a factor of 172857?
False
Is 82 a factor of 448107614?
True
Does 1884 divide 169520431?
False
Is 4804 a factor of 79610643?
False
Is 123888 a multiple of 8?
True
Does 18 divide 7681089?
False
Is 279184501 a multiple of 3675?
False
Does 669 divide 3305073?
False
Does 25 divide 11821250?
True
Does 213 divide 86299293?
True
Is 4127 a factor of 93992008?
False
Is 178 a factor of 28161912?
False
Is 123 a factor of 118285041?
True
Does 34 divide 239063044?
True
Is 5230085 a multiple of 7?
True
Does 78 divide 507061776?
True
Does 27 divide 53429529?
False
Is 56 a factor of 20799688?
True
Does 46 divide 3375911656?
False
Is 17 a factor of 8839303?
True
Is 525 a factor of 97008668?
False
Does 15 divide 2103713757?
False
Is 843 a factor of 34756890?
True
Is 31 a factor of 213187924?
False
Does 80 divide 144357826?
False
Does 98 divide 114921?
False
Is 296 a factor of 261737952?
False
Is 125015415 a multiple of 527?
False
Is 1336148114 a multiple of 165?
False
Is 390858305 a multiple of 26?
False
Does 155 divide 133057735?
True
Is 85425408 a multiple of 3672?
True
Is 43069547 a multiple of 19?
False
Does 290 divide 235918846?
False
Does 119 divide 19726267?
False
Is 16976064 a multiple of 136?
True
Does 4 divide 714252?
True
Does 15 divide 39238014?
False
Is 19 a factor of 571823225?
False
Does 481 divide 52362367?
False
Is 235496828 a multiple of 6?
False
Is 34100217 a multiple of 27?
True
Is 57 a factor of 2144597127?
True
Is 2 a factor of 46259701?
False
Does 4448 divide 151141772?
False
Is 2539992 a multiple of 3489?
True
Is 12 a factor of 164320032?
True
Is 210445747 a multiple of 279?
False
Does 79 divide 30959468?
True
Does 132 divide 357600672?
True
Is 391802953 a multiple of 304?
False
Is 19537730 a multiple of 11?
False
Is 247056751 a multiple of 149?
True
Does 1123 divide 371559149?
True
Is 22658554 a multiple of 1167?
False
Is 32838568 a multiple of 28?
True
Is 1246 a factor of 229969236?
True
Is 57 a factor of 157790199?
False
Does 5 divide 667752?
False
Is 92 a factor of 46348956?
True
Does 21 divide 549243785?
False
Is 481210 a multiple of 9?
False
Is 53 a factor of 3319549?
True
Does 1500 divide 1144651?
False
Does 570 divide 268653540?
True
Is 379243904 a multiple of 29?
True
Does 4016 divide 203731680?
True
Is 23144659 a multiple of 13?
False
Is 59 a factor of 6081484?
True
Is 441 a factor of 38863566?
True
Is 1367425056 a multiple of 408?
True
Is 33 a factor of 346986750?
True
Is 295 a factor of 381290155?
True
Is 186976041 a multiple of 1929?
True
Is 14 a factor of 8635647?
False
Is 1296018400 a multiple of 9340?
True
Does 540 divide 17173163?
False
Is 108939963 a multiple of 939?
True
Is 15064314 a multiple of 3386?
True
Is 146 a factor of 650544610?
True
Is 155558398 a multiple of 146?
False
Does 751 divide 789495655?
False
Does 32 divide 4641863?
False
Is 46044537 a multiple of 11?
True
Is 367193031 a multiple of 2485?
False
Is 5053 a factor of 22405002?
True
Is 27686916 a multiple of 18?
True
Does 2037 divide 45977127?
True
Is 495 a factor of 347955577?
False
Does 476 divide 101691392?
False
Is 2192 a factor of 33928151?
False
Does 99 divide 55953380?
False
Is 48 a factor of 18159757?
False
Does 10 divide 142352170?
True
Is 3 a factor of 153761767?
False
Is 8 a factor of 41877016?
True
Does 89 divide 78438281?
True
Is 81433788 a multiple of 594?
False
Is 131162040 a multiple of 430?
True
Does 5 divide 58984645?
True
Is 61082864 a multiple of 8?
True
Does 1796 divide 141799588?
True
Is 16 a factor of 51774207?
False
Is 372 a factor of 10383264?
True
Is 58 a factor of 7548126?
False
Is 1415 a factor of 1842067935?
False
Is 1501291 a multiple of 188?
False
Does 5068 divide 37584288?
True
Is 1458725499 a multiple of 42?
False
Is 248767067 a multiple of 56?
False
Does 1220 divide 384922200?
True
Is 5 a factor of 954695165?
True
Is 2276 a factor of 4394501154?
False
Is 422 a factor of 44602446?
True
Is 31 a factor of 987381?
True
Does 18 divide 1303692?
False
Is 1830011748 a multiple of 12?
True
Is 104 a factor of 46038304?
True
Is 317682909 a multiple of 13?
False
Is 9 a factor of